{"id":786,"date":"2017-07-29T10:50:34","date_gmt":"2017-07-29T08:50:34","guid":{"rendered":"http:\/\/td_uid_1_597c4c5a5792a"},"modified":"2024-06-05T15:13:35","modified_gmt":"2024-06-05T13:13:35","slug":"home","status":"publish","type":"page","link":"https:\/\/pietrozanantoni.it\/","title":{"rendered":"Home"},"content":{"rendered":"\n<div class=\"wp-block-image\"><figure class=\"aligncenter size-large is-resized\"><img loading=\"lazy\" src=\"https:\/\/pietrozanantoni.it\/wp-content\/uploads\/2024\/05\/civica-zanantoni-rgb-1024x1024.png\" alt=\"\" class=\"wp-image-1438\" width=\"427\" height=\"427\" srcset=\"https:\/\/pietrozanantoni.it\/wp-content\/uploads\/2024\/05\/civica-zanantoni-rgb-1024x1024.png 1024w, https:\/\/pietrozanantoni.it\/wp-content\/uploads\/2024\/05\/civica-zanantoni-rgb-300x300.png 300w, https:\/\/pietrozanantoni.it\/wp-content\/uploads\/2024\/05\/civica-zanantoni-rgb-150x150.png 150w, https:\/\/pietrozanantoni.it\/wp-content\/uploads\/2024\/05\/civica-zanantoni-rgb-768x768.png 768w, https:\/\/pietrozanantoni.it\/wp-content\/uploads\/2024\/05\/civica-zanantoni-rgb-696x696.png 696w, https:\/\/pietrozanantoni.it\/wp-content\/uploads\/2024\/05\/civica-zanantoni-rgb-1068x1068.png 1068w, https:\/\/pietrozanantoni.it\/wp-content\/uploads\/2024\/05\/civica-zanantoni-rgb-420x420.png 420w, https:\/\/pietrozanantoni.it\/wp-content\/uploads\/2024\/05\/civica-zanantoni-rgb.png 1417w\" sizes=\"(max-width: 427px) 100vw, 427px\" \/><\/figure><\/div>\n\n\n\n<div class=\"wp-block-buttons is-content-justification-center\">\n<div class=\"wp-block-button has-custom-font-size\" style=\"font-size:30px\"><a class=\"wp-block-button__link has-background\" href=\"https:\/\/pietrozanantoni.it\/?page_id=1469\" style=\"background-color:#2071b8\" target=\"_blank\" rel=\"noreferrer noopener\">CANDIDATI CIVICA ZANANTONI 2024<\/a><\/div>\n<\/div>\n\n\n\n<div class=\"wp-block-image\"><figure class=\"aligncenter size-full\"><img loading=\"lazy\" width=\"634\" height=\"453\" src=\"https:\/\/pietrozanantoni.it\/wp-content\/uploads\/2024\/05\/vota-cosi.png\" alt=\"\" class=\"wp-image-1463\" srcset=\"https:\/\/pietrozanantoni.it\/wp-content\/uploads\/2024\/05\/vota-cosi.png 634w, https:\/\/pietrozanantoni.it\/wp-content\/uploads\/2024\/05\/vota-cosi-300x214.png 300w, https:\/\/pietrozanantoni.it\/wp-content\/uploads\/2024\/05\/vota-cosi-100x70.png 100w, https:\/\/pietrozanantoni.it\/wp-content\/uploads\/2024\/05\/vota-cosi-588x420.png 588w\" sizes=\"(max-width: 634px) 100vw, 634px\" \/><\/figure><\/div>\n\n\n\n<div class=\"wp-block-columns\">\n<div class=\"wp-block-column\">\n<figure class=\"wp-block-image size-large\"><img loading=\"lazy\" width=\"819\" height=\"1024\" src=\"https:\/\/pietrozanantoni.it\/wp-content\/uploads\/2024\/06\/01-819x1024.jpg\" alt=\"\" class=\"wp-image-1524\" srcset=\"https:\/\/pietrozanantoni.it\/wp-content\/uploads\/2024\/06\/01-819x1024.jpg 819w, https:\/\/pietrozanantoni.it\/wp-content\/uploads\/2024\/06\/01-240x300.jpg 240w, https:\/\/pietrozanantoni.it\/wp-content\/uploads\/2024\/06\/01-768x960.jpg 768w, https:\/\/pietrozanantoni.it\/wp-content\/uploads\/2024\/06\/01-696x870.jpg 696w, https:\/\/pietrozanantoni.it\/wp-content\/uploads\/2024\/06\/01-1068x1335.jpg 1068w, https:\/\/pietrozanantoni.it\/wp-content\/uploads\/2024\/06\/01-336x420.jpg 336w, https:\/\/pietrozanantoni.it\/wp-content\/uploads\/2024\/06\/01.jpg 1080w\" sizes=\"(max-width: 819px) 100vw, 819px\" \/><\/figure>\n\n\n\n<p>La nostra prima preoccupazione \u00e8 che Muggi\u00f2 possa diventare sempre pi\u00f9 un luogo dove<strong> VIVERE<\/strong> e non solo dove risiedere, dove si possa lavorare, ma anche godersi momenti di svago in un ambiente salutare.<\/p>\n\n\n\n<p>Una citt\u00e0 attenta all&#8217;<strong>eco-sostenibilit\u00e0<\/strong>, alla <strong>eco-compatibilit\u00e0<\/strong> e al riciclo.<\/p>\n\n\n\n<p>&#x27a1;&#xfe0f; L&#8217;8 e il 9 giugno, vota Franco Vantellino per una Muggi\u00f2 naturalmente SOSTENIBILE.<\/p>\n\n\n\n<p>#votaVantellino #elezioniMuggi\u00f2 #comunali #2024 #civicaZanantoni #VantellinoSindaco<\/p>\n<\/div>\n\n\n\n<div class=\"wp-block-column\">\n<figure class=\"wp-block-image size-full\"><img loading=\"lazy\" width=\"572\" height=\"712\" src=\"https:\/\/pietrozanantoni.it\/wp-content\/uploads\/2024\/06\/02.jpg\" alt=\"\" class=\"wp-image-1525\" srcset=\"https:\/\/pietrozanantoni.it\/wp-content\/uploads\/2024\/06\/02.jpg 572w, https:\/\/pietrozanantoni.it\/wp-content\/uploads\/2024\/06\/02-241x300.jpg 241w, https:\/\/pietrozanantoni.it\/wp-content\/uploads\/2024\/06\/02-337x420.jpg 337w\" sizes=\"(max-width: 572px) 100vw, 572px\" \/><\/figure>\n\n\n\n<p><strong>Il Commercio Locale NON deve<\/strong> <strong>\u201cmorire\u201d!<\/strong><br>Per tenere alzate le serrande bisogna prestare maggiore attenzione sia al centro storico che alle periferie per promuovendo attivit\u00e0 di marketing locale.<\/p>\n\n\n\n<p>&#x27a1;&#xfe0f; L&#8217;8 e il 9 giugno, vota Franco Vantellino Sindaco LONTANO DAI PARTITI, VICINO AI CITTADINI.<\/p>\n\n\n\n<p>#votaVantellino #elezioniMuggi\u00f2 #comunali #2024 #civicaZanantoni #VantellinoSindaco<\/p>\n<\/div>\n\n\n\n<div class=\"wp-block-column\">\n<figure class=\"wp-block-video\"><video controls src=\"https:\/\/pietrozanantoni.it\/wp-content\/uploads\/2024\/06\/VIDEO-01.mp4\"><\/video><\/figure>\n\n\n\n<p>Un piano concreto per dare nuova vita alla Nostra Citt\u00e0, attraverso una politica che ascolta davvero i <strong>BISOGNI reali dei cittadini<\/strong>.<\/p>\n\n\n\n<p>&#x27a1;&#xfe0f; L&#8217;8 e il 9 giugno, alle Comunali di Muggi\u00f2, vota Franco Vantellino Sindaco.<\/p>\n\n\n\n<p><\/p>\n\n\n\n<p>#votaVantellino #elezioniMuggi\u00f2 #comunali #2024 #civicaZanantoni #VantellinoSindaco<\/p>\n<\/div>\n<\/div>\n\n\n\n<div class=\"wp-block-columns\">\n<div class=\"wp-block-column\">\n<figure class=\"wp-block-image size-large\"><img loading=\"lazy\" width=\"678\" height=\"1024\" src=\"https:\/\/pietrozanantoni.it\/wp-content\/uploads\/2024\/05\/IMG-20240519-WA0010-678x1024.jpg\" alt=\"\" class=\"wp-image-1461\" srcset=\"https:\/\/pietrozanantoni.it\/wp-content\/uploads\/2024\/05\/IMG-20240519-WA0010-678x1024.jpg 678w, https:\/\/pietrozanantoni.it\/wp-content\/uploads\/2024\/05\/IMG-20240519-WA0010-199x300.jpg 199w, https:\/\/pietrozanantoni.it\/wp-content\/uploads\/2024\/05\/IMG-20240519-WA0010-768x1160.jpg 768w, https:\/\/pietrozanantoni.it\/wp-content\/uploads\/2024\/05\/IMG-20240519-WA0010-696x1051.jpg 696w, https:\/\/pietrozanantoni.it\/wp-content\/uploads\/2024\/05\/IMG-20240519-WA0010-278x420.jpg 278w, https:\/\/pietrozanantoni.it\/wp-content\/uploads\/2024\/05\/IMG-20240519-WA0010.jpg 800w\" sizes=\"(max-width: 678px) 100vw, 678px\" \/><\/figure>\n<\/div>\n\n\n\n<div class=\"wp-block-column\">\n<figure class=\"wp-block-image size-large\"><img loading=\"lazy\" width=\"678\" height=\"1024\" src=\"https:\/\/pietrozanantoni.it\/wp-content\/uploads\/2024\/05\/IMG-20240519-WA0009-1-678x1024.jpg\" alt=\"\" class=\"wp-image-1460\" srcset=\"https:\/\/pietrozanantoni.it\/wp-content\/uploads\/2024\/05\/IMG-20240519-WA0009-1-678x1024.jpg 678w, https:\/\/pietrozanantoni.it\/wp-content\/uploads\/2024\/05\/IMG-20240519-WA0009-1-199x300.jpg 199w, https:\/\/pietrozanantoni.it\/wp-content\/uploads\/2024\/05\/IMG-20240519-WA0009-1-768x1160.jpg 768w, https:\/\/pietrozanantoni.it\/wp-content\/uploads\/2024\/05\/IMG-20240519-WA0009-1-696x1051.jpg 696w, https:\/\/pietrozanantoni.it\/wp-content\/uploads\/2024\/05\/IMG-20240519-WA0009-1-278x420.jpg 278w, https:\/\/pietrozanantoni.it\/wp-content\/uploads\/2024\/05\/IMG-20240519-WA0009-1.jpg 800w\" sizes=\"(max-width: 678px) 100vw, 678px\" \/><\/figure>\n<\/div>\n<\/div>\n\n\n\n<div class=\"wp-block-columns\">\n<div class=\"wp-block-column\">\n<figure class=\"wp-block-image size-large\"><img loading=\"lazy\" width=\"473\" height=\"1024\" src=\"https:\/\/pietrozanantoni.it\/wp-content\/uploads\/2024\/05\/franco-vantellino-ciao-473x1024.jpeg\" alt=\"\" class=\"wp-image-1510\" srcset=\"https:\/\/pietrozanantoni.it\/wp-content\/uploads\/2024\/05\/franco-vantellino-ciao-473x1024.jpeg 473w, https:\/\/pietrozanantoni.it\/wp-content\/uploads\/2024\/05\/franco-vantellino-ciao-139x300.jpeg 139w, https:\/\/pietrozanantoni.it\/wp-content\/uploads\/2024\/05\/franco-vantellino-ciao-768x1663.jpeg 768w, https:\/\/pietrozanantoni.it\/wp-content\/uploads\/2024\/05\/franco-vantellino-ciao-710x1536.jpeg 710w, https:\/\/pietrozanantoni.it\/wp-content\/uploads\/2024\/05\/franco-vantellino-ciao-696x1507.jpeg 696w, https:\/\/pietrozanantoni.it\/wp-content\/uploads\/2024\/05\/franco-vantellino-ciao-194x420.jpeg 194w, https:\/\/pietrozanantoni.it\/wp-content\/uploads\/2024\/05\/franco-vantellino-ciao.jpeg 946w\" sizes=\"(max-width: 473px) 100vw, 473px\" \/><\/figure>\n<\/div>\n\n\n\n<div class=\"wp-block-column\">\n<figure class=\"wp-block-image size-large\"><img loading=\"lazy\" width=\"819\" height=\"1024\" src=\"https:\/\/pietrozanantoni.it\/wp-content\/uploads\/2024\/05\/franco-vantellino-cultura-819x1024.jpeg\" alt=\"\" class=\"wp-image-1512\" srcset=\"https:\/\/pietrozanantoni.it\/wp-content\/uploads\/2024\/05\/franco-vantellino-cultura-819x1024.jpeg 819w, https:\/\/pietrozanantoni.it\/wp-content\/uploads\/2024\/05\/franco-vantellino-cultura-240x300.jpeg 240w, https:\/\/pietrozanantoni.it\/wp-content\/uploads\/2024\/05\/franco-vantellino-cultura-768x960.jpeg 768w, https:\/\/pietrozanantoni.it\/wp-content\/uploads\/2024\/05\/franco-vantellino-cultura-696x870.jpeg 696w, https:\/\/pietrozanantoni.it\/wp-content\/uploads\/2024\/05\/franco-vantellino-cultura-1068x1335.jpeg 1068w, https:\/\/pietrozanantoni.it\/wp-content\/uploads\/2024\/05\/franco-vantellino-cultura-336x420.jpeg 336w, https:\/\/pietrozanantoni.it\/wp-content\/uploads\/2024\/05\/franco-vantellino-cultura.jpeg 1080w\" sizes=\"(max-width: 819px) 100vw, 819px\" \/><\/figure>\n<\/div>\n<\/div>\n\n\n\n<div class=\"wp-block-columns\">\n<div class=\"wp-block-column\">\n<figure class=\"wp-block-video\"><video controls src=\"https:\/\/pietrozanantoni.it\/wp-content\/uploads\/2024\/05\/Video-pietro-zanantoni.mp4\"><\/video><\/figure>\n<\/div>\n\n\n\n<div class=\"wp-block-column\">\n<figure class=\"wp-block-image size-large\"><img loading=\"lazy\" width=\"727\" height=\"1024\" src=\"https:\/\/pietrozanantoni.it\/wp-content\/uploads\/2024\/05\/IMG-20240521-WA0005-727x1024.jpg\" alt=\"\" class=\"wp-image-1516\" srcset=\"https:\/\/pietrozanantoni.it\/wp-content\/uploads\/2024\/05\/IMG-20240521-WA0005-727x1024.jpg 727w, https:\/\/pietrozanantoni.it\/wp-content\/uploads\/2024\/05\/IMG-20240521-WA0005-213x300.jpg 213w, https:\/\/pietrozanantoni.it\/wp-content\/uploads\/2024\/05\/IMG-20240521-WA0005-768x1082.jpg 768w, https:\/\/pietrozanantoni.it\/wp-content\/uploads\/2024\/05\/IMG-20240521-WA0005-1091x1536.jpg 1091w, https:\/\/pietrozanantoni.it\/wp-content\/uploads\/2024\/05\/IMG-20240521-WA0005-696x980.jpg 696w, https:\/\/pietrozanantoni.it\/wp-content\/uploads\/2024\/05\/IMG-20240521-WA0005-1068x1504.jpg 1068w, https:\/\/pietrozanantoni.it\/wp-content\/uploads\/2024\/05\/IMG-20240521-WA0005-298x420.jpg 298w, https:\/\/pietrozanantoni.it\/wp-content\/uploads\/2024\/05\/IMG-20240521-WA0005.jpg 1136w\" sizes=\"(max-width: 727px) 100vw, 727px\" \/><\/figure>\n<\/div>\n<\/div>\n\n\n\n<div class=\"wp-block-columns\">\n<div class=\"wp-block-column\">\n<figure class=\"wp-block-image size-large\"><img loading=\"lazy\" width=\"1024\" height=\"1024\" src=\"https:\/\/pietrozanantoni.it\/wp-content\/uploads\/2024\/05\/IMG-20240522-WA0004-1024x1024.jpg\" alt=\"\" class=\"wp-image-1519\" srcset=\"https:\/\/pietrozanantoni.it\/wp-content\/uploads\/2024\/05\/IMG-20240522-WA0004-1024x1024.jpg 1024w, https:\/\/pietrozanantoni.it\/wp-content\/uploads\/2024\/05\/IMG-20240522-WA0004-300x300.jpg 300w, https:\/\/pietrozanantoni.it\/wp-content\/uploads\/2024\/05\/IMG-20240522-WA0004-150x150.jpg 150w, https:\/\/pietrozanantoni.it\/wp-content\/uploads\/2024\/05\/IMG-20240522-WA0004-768x768.jpg 768w, https:\/\/pietrozanantoni.it\/wp-content\/uploads\/2024\/05\/IMG-20240522-WA0004-696x696.jpg 696w, https:\/\/pietrozanantoni.it\/wp-content\/uploads\/2024\/05\/IMG-20240522-WA0004-1068x1068.jpg 1068w, https:\/\/pietrozanantoni.it\/wp-content\/uploads\/2024\/05\/IMG-20240522-WA0004-420x420.jpg 420w, https:\/\/pietrozanantoni.it\/wp-content\/uploads\/2024\/05\/IMG-20240522-WA0004.jpg 1080w\" sizes=\"(max-width: 1024px) 100vw, 1024px\" \/><\/figure>\n<\/div>\n\n\n\n<div class=\"wp-block-column\">\n<figure class=\"wp-block-image size-large\"><img loading=\"lazy\" width=\"1024\" height=\"1020\" src=\"https:\/\/pietrozanantoni.it\/wp-content\/uploads\/2024\/05\/IMG-20240522-WA0018-1024x1020.jpg\" alt=\"\" class=\"wp-image-1520\" srcset=\"https:\/\/pietrozanantoni.it\/wp-content\/uploads\/2024\/05\/IMG-20240522-WA0018-1024x1020.jpg 1024w, https:\/\/pietrozanantoni.it\/wp-content\/uploads\/2024\/05\/IMG-20240522-WA0018-300x300.jpg 300w, https:\/\/pietrozanantoni.it\/wp-content\/uploads\/2024\/05\/IMG-20240522-WA0018-150x150.jpg 150w, https:\/\/pietrozanantoni.it\/wp-content\/uploads\/2024\/05\/IMG-20240522-WA0018-768x765.jpg 768w, https:\/\/pietrozanantoni.it\/wp-content\/uploads\/2024\/05\/IMG-20240522-WA0018-696x693.jpg 696w, https:\/\/pietrozanantoni.it\/wp-content\/uploads\/2024\/05\/IMG-20240522-WA0018-1068x1064.jpg 1068w, https:\/\/pietrozanantoni.it\/wp-content\/uploads\/2024\/05\/IMG-20240522-WA0018-422x420.jpg 422w, https:\/\/pietrozanantoni.it\/wp-content\/uploads\/2024\/05\/IMG-20240522-WA0018.jpg 1290w\" sizes=\"(max-width: 1024px) 100vw, 1024px\" \/><\/figure>\n<\/div>\n<\/div>\n\n\n\n<hr class=\"wp-block-separator has-text-color has-background has-white-background-color has-white-color is-style-wide\"\/>\n\n\n\n<div class=\"wp-block-image\"><figure class=\"aligncenter size-large\"><img loading=\"lazy\" width=\"1024\" height=\"1024\" src=\"https:\/\/pietrozanantoni.it\/wp-content\/uploads\/2024\/05\/20240518_003515-1024x1024.jpg\" alt=\"\" class=\"wp-image-1452\" srcset=\"https:\/\/pietrozanantoni.it\/wp-content\/uploads\/2024\/05\/20240518_003515-1024x1024.jpg 1024w, https:\/\/pietrozanantoni.it\/wp-content\/uploads\/2024\/05\/20240518_003515-300x300.jpg 300w, https:\/\/pietrozanantoni.it\/wp-content\/uploads\/2024\/05\/20240518_003515-150x150.jpg 150w, https:\/\/pietrozanantoni.it\/wp-content\/uploads\/2024\/05\/20240518_003515-768x768.jpg 768w, https:\/\/pietrozanantoni.it\/wp-content\/uploads\/2024\/05\/20240518_003515-1536x1536.jpg 1536w, https:\/\/pietrozanantoni.it\/wp-content\/uploads\/2024\/05\/20240518_003515-2048x2048.jpg 2048w, https:\/\/pietrozanantoni.it\/wp-content\/uploads\/2024\/05\/20240518_003515-696x696.jpg 696w, https:\/\/pietrozanantoni.it\/wp-content\/uploads\/2024\/05\/20240518_003515-1068x1068.jpg 1068w, https:\/\/pietrozanantoni.it\/wp-content\/uploads\/2024\/05\/20240518_003515-420x420.jpg 420w\" sizes=\"(max-width: 1024px) 100vw, 1024px\" \/><\/figure><\/div>\n\n\n\n<div class=\"wp-block-image\"><figure class=\"aligncenter size-large\"><img loading=\"lazy\" width=\"1024\" height=\"1024\" src=\"https:\/\/pietrozanantoni.it\/wp-content\/uploads\/2024\/05\/IMG_20240522_213502_535-1024x1024.jpg\" alt=\"\" class=\"wp-image-1456\" srcset=\"https:\/\/pietrozanantoni.it\/wp-content\/uploads\/2024\/05\/IMG_20240522_213502_535-1024x1024.jpg 1024w, https:\/\/pietrozanantoni.it\/wp-content\/uploads\/2024\/05\/IMG_20240522_213502_535-300x300.jpg 300w, https:\/\/pietrozanantoni.it\/wp-content\/uploads\/2024\/05\/IMG_20240522_213502_535-150x150.jpg 150w, https:\/\/pietrozanantoni.it\/wp-content\/uploads\/2024\/05\/IMG_20240522_213502_535-768x768.jpg 768w, https:\/\/pietrozanantoni.it\/wp-content\/uploads\/2024\/05\/IMG_20240522_213502_535-696x696.jpg 696w, https:\/\/pietrozanantoni.it\/wp-content\/uploads\/2024\/05\/IMG_20240522_213502_535-1068x1068.jpg 1068w, https:\/\/pietrozanantoni.it\/wp-content\/uploads\/2024\/05\/IMG_20240522_213502_535-420x420.jpg 420w, https:\/\/pietrozanantoni.it\/wp-content\/uploads\/2024\/05\/IMG_20240522_213502_535.jpg 1080w\" sizes=\"(max-width: 1024px) 100vw, 1024px\" \/><\/figure><\/div>\n\n\n\n<div class=\"wp-block-image\"><figure class=\"aligncenter size-full\"><img loading=\"lazy\" width=\"940\" height=\"788\" src=\"https:\/\/pietrozanantoni.it\/wp-content\/uploads\/2024\/05\/IMG_20240519_160434_137.jpg\" alt=\"\" class=\"wp-image-1455\" srcset=\"https:\/\/pietrozanantoni.it\/wp-content\/uploads\/2024\/05\/IMG_20240519_160434_137.jpg 940w, https:\/\/pietrozanantoni.it\/wp-content\/uploads\/2024\/05\/IMG_20240519_160434_137-300x251.jpg 300w, https:\/\/pietrozanantoni.it\/wp-content\/uploads\/2024\/05\/IMG_20240519_160434_137-768x644.jpg 768w, https:\/\/pietrozanantoni.it\/wp-content\/uploads\/2024\/05\/IMG_20240519_160434_137-696x583.jpg 696w, https:\/\/pietrozanantoni.it\/wp-content\/uploads\/2024\/05\/IMG_20240519_160434_137-501x420.jpg 501w\" sizes=\"(max-width: 940px) 100vw, 940px\" \/><\/figure><\/div>\n\n\n<p>[vc_row el_class=&#8221;td_classic_blog_home&#8221;][vc_column]<div class=\"td_block_wrap td_block_big_grid_4 td_uid_1_69f9e37d7d904_rand td-grid-style-1 td-hover-1 td-pb-border-top\"  data-td-block-uid=\"td_uid_1_69f9e37d7d904\" ><div id=td_uid_1_69f9e37d7d904 class=\"td_block_inner\"><div class=\"td-big-grid-wrapper\">\r\n        <div class=\"td_module_mx5 td-animation-stack td-big-grid-post-0 td-big-grid-post td-big-thumb\">\r\n            <div class=\"td-module-thumb\"><a href=\"https:\/\/pietrozanantoni.it\/?p=1328\" rel=\"bookmark\" title=\"L\u2019Italia ha il suo leader: adesso i partiti trovino il coraggio di sostenerlo\"><img width=\"534\" height=\"462\" class=\"entry-thumb\" src=\"https:\/\/pietrozanantoni.it\/wp-content\/uploads\/2022\/07\/Draghi-700x496-1-534x462.jpg\" alt=\"\" title=\"L\u2019Italia ha il suo leader: adesso i partiti trovino il coraggio di sostenerlo\"\/><\/a><\/div>            <div class=\"td-meta-info-container\">\r\n                <div class=\"td-meta-align\">\r\n                    <div class=\"td-big-grid-meta\">\r\n                        <a href=\"https:\/\/pietrozanantoni.it\/?cat=61\" class=\"td-post-category\">buona-destra<\/a>                        <h3 class=\"entry-title td-module-title\"><a href=\"https:\/\/pietrozanantoni.it\/?p=1328\" rel=\"bookmark\" title=\"L\u2019Italia ha il suo leader: adesso i partiti trovino il coraggio di sostenerlo\">L\u2019Italia ha il suo leader: adesso i partiti trovino il coraggio di sostenerlo<\/a><\/h3>                    <\/div>\r\n                    <div class=\"td-module-meta-info\">\r\n                                                <span class=\"td-post-date\"><time class=\"entry-date updated td-module-date\" datetime=\"2022-07-20T15:26:09+00:00\" >20 Luglio 2022<\/time><\/span>                    <\/div>\r\n                <\/div>\r\n            <\/div>\r\n\r\n        <\/div>\r\n\r\n        \r\n        <div class=\"td_module_mx5 td-animation-stack td-big-grid-post-1 td-big-grid-post td-big-thumb\">\r\n            <div class=\"td-module-thumb\"><a href=\"https:\/\/pietrozanantoni.it\/?p=1318\" rel=\"bookmark\" title=\"Fukuyama: \u201cIl liberalismo \u00e8 in pericolo, solo la buona politica pu\u00f2 salvarlo\u201d\"><img width=\"534\" height=\"462\" class=\"entry-thumb\" src=\"https:\/\/pietrozanantoni.it\/wp-content\/uploads\/2017\/07\/7-534x462.jpg\" alt=\"\" title=\"Fukuyama: \u201cIl liberalismo \u00e8 in pericolo, solo la buona politica pu\u00f2 salvarlo\u201d\"\/><\/a><\/div>            <div class=\"td-meta-info-container\">\r\n                <div class=\"td-meta-align\">\r\n                    <div class=\"td-big-grid-meta\">\r\n                        <a href=\"https:\/\/pietrozanantoni.it\/?cat=61\" class=\"td-post-category\">buona-destra<\/a>                        <h3 class=\"entry-title td-module-title\"><a href=\"https:\/\/pietrozanantoni.it\/?p=1318\" rel=\"bookmark\" title=\"Fukuyama: \u201cIl liberalismo \u00e8 in pericolo, solo la buona politica pu\u00f2 salvarlo\u201d\">Fukuyama: \u201cIl liberalismo \u00e8 in pericolo, solo la buona politica pu\u00f2 salvarlo\u201d<\/a><\/h3>                    <\/div>\r\n                    <div class=\"td-module-meta-info\">\r\n                                                <span class=\"td-post-date\"><time class=\"entry-date updated td-module-date\" datetime=\"2022-06-09T10:56:18+00:00\" >9 Giugno 2022<\/time><\/span>                    <\/div>\r\n                <\/div>\r\n            <\/div>\r\n\r\n        <\/div>\r\n\r\n        <\/div><div class=\"clearfix\"><\/div><\/div><\/div> <!-- .\/block -->[vc_column_text el_class=&#8221;import_blog_quote&#8221;]<\/p>\n<blockquote>\n<p>&#8220;<em>Non importa quanto sia stretta la porta,<br>quanto piena di castighi la vita.<br>Io sono il padrone del mio destino:<br>io sono il capitano della mia anima.&#8221;<\/em><\/p>\n<p>(W.E.Enley)<\/p>\n<\/blockquote>\n<p>[\/vc_column_text][\/vc_column][\/vc_row]<\/p>","protected":false},"excerpt":{"rendered":"<p>La nostra prima preoccupazione \u00e8 che Muggi\u00f2 possa diventare sempre pi\u00f9 un luogo dove VIVERE e non solo dove risiedere, dove si possa lavorare, ma anche godersi momenti di svago in un ambiente salutare. Una citt\u00e0 attenta all&#8217;eco-sostenibilit\u00e0, alla eco-compatibilit\u00e0 e al riciclo. &#x27a1;&#xfe0f; L&#8217;8 e il 9 giugno, vota Franco Vantellino per una Muggi\u00f2 [&hellip;]<\/p>\n","protected":false},"author":1,"featured_media":0,"parent":0,"menu_order":0,"comment_status":"open","ping_status":"closed","template":"page-pagebuilder-latest.php","meta":[],"_links":{"self":[{"href":"https:\/\/pietrozanantoni.it\/index.php?rest_route=\/wp\/v2\/pages\/786"}],"collection":[{"href":"https:\/\/pietrozanantoni.it\/index.php?rest_route=\/wp\/v2\/pages"}],"about":[{"href":"https:\/\/pietrozanantoni.it\/index.php?rest_route=\/wp\/v2\/types\/page"}],"author":[{"embeddable":true,"href":"https:\/\/pietrozanantoni.it\/index.php?rest_route=\/wp\/v2\/users\/1"}],"replies":[{"embeddable":true,"href":"https:\/\/pietrozanantoni.it\/index.php?rest_route=%2Fwp%2Fv2%2Fcomments&post=786"}],"version-history":[{"count":66,"href":"https:\/\/pietrozanantoni.it\/index.php?rest_route=\/wp\/v2\/pages\/786\/revisions"}],"predecessor-version":[{"id":1529,"href":"https:\/\/pietrozanantoni.it\/index.php?rest_route=\/wp\/v2\/pages\/786\/revisions\/1529"}],"wp:attachment":[{"href":"https:\/\/pietrozanantoni.it\/index.php?rest_route=%2Fwp%2Fv2%2Fmedia&parent=786"}],"curies":[{"name":"wp","href":"https:\/\/api.w.org\/{rel}","templated":true}]}}